?
0
What is the remainder when 2499701 is divided by 253?
61
Calculate the remainder when 144710524 is divided by 46.
44
Calculate the remainder when 723062 is divided by 179.
81
Calculate the remainder when 381000 is divided by 379754.
1246
What is the remainder when 5098819 is divided by 2549392?
35
Calculate the remainder when 6847850 is divided by 5180.
5070
Calculate the remainder when 4122753 is divided by 925.
28
What is the remainder when 186055 is divided by 2660?
2515
What is the remainder when 12845 is divided by 6208?
429
What is the remainder when 2396782 is divided by 174?
106
Calculate the remainder when 650911 is divided by 305.
41
Calculate the remainder when 36420974 is divided by 70.
44
Calculate the remainder when 88983 is divided by 88676.
307
Calculate the remainder when 19157531 is divided by 709537.
32
Calculate the remainder when 137690 is divided by 3279.
3251
What is the remainder when 31751 is divided by 407?
5
Calculate the remainder when 42513 is divided by 1088.
81
Calculate the remainder when 31845 is divided by 7957.
17
What is the remainder when 141085 is divided by 1197?
1036
Calculate the remainder when 565325078 is divided by 255919.
7
Calculate the remainder when 75901 is divided by 849.
340
What is the remainder when 64842729 is divided by 845?
809
What is the remainder when 1378709 is divided by 920?
549
What is the remainder when 27592 is divided by 13713?
166
What is the remainder when 108432581 is divided by 626?
617
What is the remainder when 62165 is divided by 5143?
449
What is the remainder when 866769 is divided by 3688?
89
What is the remainder when 651712 is divided by 2782?
724
What is the remainder when 114871 is divided by 114545?
326
What is the remainder when 72180409 is divided by 49?
28
What is the remainder when 24283560 is divided by 31578?
78
Calculate the remainder when 281409 is divided by 1845.
969
What is the remainder when 3733600 is divided by 230?
10
Calculate the remainder when 10533913 is divided by 40.
33
Calculate the remainder when 17677232 is divided by 3104.
3056
Calculate the remainder when 207597 is divided by 68714.
1455
Calculate the remainder when 10557246 is divided by 527861.
26
Calculate the remainder when 46225686 is divided by 15408562.
0
What is the remainder when 1133014 is divided by 34?
32
What is the remainder when 65685 is divided by 56489?
9196
What is the remainder when 419007 is divided by 38041?
556
Calculate the remainder when 1084819 is divided by 23079.
106
What is the remainder when 19322270 is divided by 805094?
14
What is the remainder when 555855 is divided by 836?
751
What is the remainder when 1802366 is divided by 887?
869
Calculate the remainder when 584516 is divided by 2338.
16
Calculate the remainder when 117006340 is divided by 7312896.
4
What is the remainder when 7505551 is divided by 28?
11
What is the remainder when 22264643 is divided by 3180656?
51
Calculate the remainder when 5559294 is divided by 3617.
3582
Calculate the remainder when 13378869 is divided by 626.
623
What is the remainder when 6828548 is divided by 6828528?
20
What is the remainder when 14790514 is divided by 48653?
2
Calculate the remainder when 34833 is divided by 8693.
61
What is the remainder when 41117965 is divided by 62?
61
Calculate the remainder when 37537 is divided by 29680.
7857
What is the remainder when 13177 is divided by 11173?
2004
What is the remainder when 498564 is divided by 1240?
84
What is the remainder when 3036362 is divided by 303?
302
What is the remainder when 77169116 is divided by 67?
57
Calculate the remainder when 1392395 is divided by 197.
196
Calculate the remainder when 4465865 is divided by 71.
36
What is the remainder when 1999925 is divided by 6?
5
What is the remainder when 6367186 is divided by 1601?
9
Calculate the remainder when 40271535 is divided by 65059.
14
Calculate the remainder when 78784 is divided by 1585.
1119
Calculate the remainder when 133061 is divided by 1313.
448
What is the remainder when 252380 is divided by 252357?
23
What is the remainder when 1558799929 is divided by 23?
22
What is the remainder when 6408619 is divided by 1068101?
13
What is the remainder when 831211 is divided by 207793?
39
What is the remainder when 149394 is divided by 277?
91
What is the remainder when 76904363 is divided by 979?
976
What is the remainder when 964507 is divided by 40160?
667
What is the remainder when 8365221 is divided by 275?
271
What is the remainder when 335108 is divided by 5632?
2820
Calculate the remainder when 454807 is divided by 13782.
1
Calculate the remainder when 1539173 is divided by 2515.
2508
What is the remainder when 7629190 is divided by 129308?
18
What is the remainder when 9005834 is divided by 502?
456
What is the remainder when 22234059 is divided by 1979?
1973
What is the remainder when 19150924 is divided by 1007938?
102
Calculate the remainder when 42746 is divided by 4349.
3605
What is the remainder when 3059735 is divided by 764927?
27
Calculate the remainder when 338420 is divided by 25996.
472
What is the remainder when 8418771 is divided by 29960?
11
What is the remainder when 193689 is divided by 95815?
2059
Calculate the remainder when 35134774 is divided by 711.
709
What is the remainder when 1914083 is divided by 3043?
36
What is the remainder when 7527773 is divided by 9?
2
What is the remainder when 5087802 is divided by 36?
30
What is the remainder when 424808 is divided by 44?
32
What is the remainder when 3058241 is divided by 1529105?
31
Calculate the remainder when 218349 is divided by 2004.
1917
Calculate the remainder when 299243 is divided by 128.
107
What is the remainder when 52628409 is divided by 17542795?
24
Calculate the remainder when 2799627908 is divided by 923.
922
Calculate the remainder when 152511742 is divided by 231.
229
What is the remainder when 1029652 is divided by 46800?
52
What is the remainder when 12073697 is divided by 1097608?
9
What is the remainder when 116385913 is divided by 7970?
3
Calculate the remainder when 266693 is divided by 1208.
933
Calculate the remainder when 26336558 is divided by 371.
10
What is the remainder when 3328360 is divided by 1241?
1239
What is the remainder when 1594794 is divided by 1131?
84
Calculate the remainder when 328886 is divided by 2604.
782
Calculate the remainder when 44449 is divided by 545.
304
What is the remainder when 33903450 is divided by 28854?
0
Calculate the remainder when 61363 is divided by 633.
595
What is the remainder when 767426 is divided by 626?
576
Calculate the remainder when 478683 is divided by 478488.
195
Calculate the remainder when 370900913 is divided by 10140.
10133
Calculate the remainder when 6203 is divided by 5952.
251
Calculate the remainder when 7552135 is divided by 20.
15
Calculate the remainder when 5767462 is divided by 2584.
2558
Calculate the remainder when 3466542 is divided by 2050.
2042
What is the remainder when 292375 is divided by 50?
25
Calculate the remainder when 170323 is divided by 5873.
6
Calculate the remainder when 1882396 is divided by 4070.
2056
Calculate the remainder when 5260782 is divided by 872.
6
What is the remainder when 360680 is divided by 8?
0
Calculate the remainder when 3806804 is divided by 292831.
1
Calculate the remainder when 15234995 is divided by 878.
817
Calculate the remainder when 535784 is divided by 133940.
24
What is the remainder when 29197003 is divided by 388?
3
Calculate the remainder when 24555 is divided by 7793.
1176
What is the remainder when 404822727 is divided by 15?
12
Calculate the remainder when 132946 is divided by 6327.
79
Calculate the remainder when 1891695 is divided by 894.
885
Calculate the remainder when 22777583 is divided by 4836.
23
What is the remainder when 611391046 is divided by 2785?
2781
What is the remainder when 315370 is divided by 311400?
3970
Calculate the remainder when 12356764 is divided by 12356718.
46
What is the remainder when 938842 is divided by 78236?
10
What is the remainder when 11838258 is divided by 798?
726
What is the remainder when 2701939 is divided by 52979?
10
Calculate the remainder when 22833 is divided by 345.
63
Calculate the remainder when 20218344 is divided by 